{"id":115,"date":"2023-06-26T12:51:32","date_gmt":"2023-06-26T10:51:32","guid":{"rendered":"http:\/\/wzfziju.cluster027.hosting.ovh.net\/?page_id=115"},"modified":"2023-06-26T17:47:39","modified_gmt":"2023-06-26T15:47:39","slug":"courts-metrages","status":"publish","type":"page","link":"https:\/\/kalankaproduction.com\/index.php\/productions\/courts-metrages\/","title":{"rendered":"Courts M\u00e9trages"},"content":{"rendered":"\r\n<p><img loading=\"lazy\" decoding=\"async\" class=\"alignnone size-medium wp-image-200 aligncenter\" src=\"http:\/\/wzfziju.cluster027.hosting.ovh.net\/wp-content\/uploads\/2023\/06\/Affiche-Grand-Format-copie-225x300.jpg\" alt=\"\" width=\"225\" height=\"300\" srcset=\"http:\/\/wzfziju.cluster027.hosting.ovh.net\/wp-content\/uploads\/2023\/06\/Affiche-Grand-Format-copie-225x300.jpg 225w, http:\/\/wzfziju.cluster027.hosting.ovh.net\/wp-content\/uploads\/2023\/06\/Affiche-Grand-Format-copie.jpg 533w\" sizes=\"auto, (max-width: 225px) 100vw, 225px\" \/><\/p>\r\n<p style=\"text-align: center;\">R\u00e9alis\u00e9 par <span class=\"Style2\">Sylvain Razemon <\/span>(2016 \/ HD \/ 19 minutes)<\/p>\r\n<p>\u00a0<img loading=\"lazy\" decoding=\"async\" class=\"alignnone size-medium wp-image-197 aligncenter\" src=\"http:\/\/wzfziju.cluster027.hosting.ovh.net\/wp-content\/uploads\/2023\/06\/LA-VIE-MASQUEE-copie-212x300.jpg\" alt=\"\" width=\"212\" height=\"300\" srcset=\"http:\/\/wzfziju.cluster027.hosting.ovh.net\/wp-content\/uploads\/2023\/06\/LA-VIE-MASQUEE-copie-212x300.jpg 212w, http:\/\/wzfziju.cluster027.hosting.ovh.net\/wp-content\/uploads\/2023\/06\/LA-VIE-MASQUEE-copie.jpg 533w\" sizes=\"auto, (max-width: 212px) 100vw, 212px\" \/><\/p>\r\n<p style=\"text-align: center;\">R\u00e9alis\u00e9 par Bernard Fauchier (2015 \/ HD \/ 7 minutes)<\/p>\r\n<p><strong><img loading=\"lazy\" decoding=\"async\" class=\"alignnone size-medium wp-image-191 aligncenter\" src=\"http:\/\/wzfziju.cluster027.hosting.ovh.net\/wp-content\/uploads\/2023\/06\/Mon-enfant-212x300.jpg\" alt=\"\" width=\"212\" height=\"300\" srcset=\"http:\/\/wzfziju.cluster027.hosting.ovh.net\/wp-content\/uploads\/2023\/06\/Mon-enfant-212x300.jpg 212w, http:\/\/wzfziju.cluster027.hosting.ovh.net\/wp-content\/uploads\/2023\/06\/Mon-enfant.jpg 679w\" sizes=\"auto, (max-width: 212px) 100vw, 212px\" \/><\/strong><\/p>\r\n<p style=\"text-align: center;\">R\u00e9alis\u00e9 par <span class=\"Style2\">Meriem Amari <\/span>(2012 \/ HD \/ 6 minutes)<\/p>\r\n<p><strong><img loading=\"lazy\" decoding=\"async\" class=\"alignnone size-medium wp-image-192 aligncenter\" src=\"http:\/\/wzfziju.cluster027.hosting.ovh.net\/wp-content\/uploads\/2023\/06\/Vrai-semblant-222x300.jpg\" alt=\"\" width=\"222\" height=\"300\" srcset=\"http:\/\/wzfziju.cluster027.hosting.ovh.net\/wp-content\/uploads\/2023\/06\/Vrai-semblant-222x300.jpg 222w, http:\/\/wzfziju.cluster027.hosting.ovh.net\/wp-content\/uploads\/2023\/06\/Vrai-semblant.jpg 533w\" sizes=\"auto, (max-width: 222px) 100vw, 222px\" \/><\/strong><\/p>\r\n<p style=\"text-align: center;\">\u00a0R\u00e9alis\u00e9 par <span class=\"Style2\">Alexis Duflos <\/span>(2011 \/ HD \/ 23 minutes)<\/p>\r\n<p><img loading=\"lazy\" decoding=\"async\" class=\"alignnone size-medium wp-image-193 aligncenter\" src=\"http:\/\/wzfziju.cluster027.hosting.ovh.net\/wp-content\/uploads\/2023\/06\/Accro-o-croco-211x300.jpg\" alt=\"\" width=\"211\" height=\"300\" srcset=\"http:\/\/wzfziju.cluster027.hosting.ovh.net\/wp-content\/uploads\/2023\/06\/Accro-o-croco-211x300.jpg 211w, http:\/\/wzfziju.cluster027.hosting.ovh.net\/wp-content\/uploads\/2023\/06\/Accro-o-croco.jpg 507w\" sizes=\"auto, (max-width: 211px) 100vw, 211px\" \/><\/p>\r\n<p style=\"text-align: center;\">R\u00e9alis\u00e9 par Olivier Crespin (2009 \/ HDCAM \/ 6 minutes)<\/p>\r\n<p style=\"text-align: center;\"><strong>La roue tourne<\/strong><\/p>\r\n<p style=\"text-align: center;\">R\u00e9alis\u00e9 par Beno\u00eet Soucheleau (2009 \/ 35MM \/ 4 minutes)<\/p>\r\n<p style=\"text-align: center;\"><img loading=\"lazy\" decoding=\"async\" class=\"size-medium wp-image-229 aligncenter\" src=\"http:\/\/wzfziju.cluster027.hosting.ovh.net\/wp-content\/uploads\/2023\/06\/Affiche-finale-Futurs-Proches-copie-221x300.jpg\" alt=\"\" width=\"221\" height=\"300\" srcset=\"http:\/\/wzfziju.cluster027.hosting.ovh.net\/wp-content\/uploads\/2023\/06\/Affiche-finale-Futurs-Proches-copie-221x300.jpg 221w, http:\/\/wzfziju.cluster027.hosting.ovh.net\/wp-content\/uploads\/2023\/06\/Affiche-finale-Futurs-Proches-copie.jpg 454w\" sizes=\"auto, (max-width: 221px) 100vw, 221px\" \/>R\u00e9alis\u00e9 par Bernard Fauchier (2008 \/ HD \/ 7 minutes)<\/p>\r\n<p>&nbsp;<\/p>\r\n","protected":false},"excerpt":{"rendered":"<p>R\u00e9alis\u00e9 par Sylvain Razemon (2016 \/ HD \/ 19 minutes) \u00a0 R\u00e9alis\u00e9 par Bernard Fauchier (2015 \/ HD \/ 7 minutes) R\u00e9alis\u00e9 par Meriem Amari &hellip;<\/p>\n","protected":false},"author":1,"featured_media":0,"parent":89,"menu_order":0,"comment_status":"closed","ping_status":"closed","template":"","meta":{"footnotes":""},"class_list":["post-115","page","type-page","status-publish","hentry"],"_links":{"self":[{"href":"https:\/\/kalankaproduction.com\/index.php\/wp-json\/wp\/v2\/pages\/115","targetHints":{"allow":["GET"]}}],"collection":[{"href":"https:\/\/kalankaproduction.com\/index.php\/wp-json\/wp\/v2\/pages"}],"about":[{"href":"https:\/\/kalankaproduction.com\/index.php\/wp-json\/wp\/v2\/types\/page"}],"author":[{"embeddable":true,"href":"https:\/\/kalankaproduction.com\/index.php\/wp-json\/wp\/v2\/users\/1"}],"replies":[{"embeddable":true,"href":"https:\/\/kalankaproduction.com\/index.php\/wp-json\/wp\/v2\/comments?post=115"}],"version-history":[{"count":15,"href":"https:\/\/kalankaproduction.com\/index.php\/wp-json\/wp\/v2\/pages\/115\/revisions"}],"predecessor-version":[{"id":230,"href":"https:\/\/kalankaproduction.com\/index.php\/wp-json\/wp\/v2\/pages\/115\/revisions\/230"}],"up":[{"embeddable":true,"href":"https:\/\/kalankaproduction.com\/index.php\/wp-json\/wp\/v2\/pages\/89"}],"wp:attachment":[{"href":"https:\/\/kalankaproduction.com\/index.php\/wp-json\/wp\/v2\/media?parent=115"}],"curies":[{"name":"wp","href":"https:\/\/api.w.org\/{rel}","templated":true}]}}