{"id":2,"date":"2023-06-23T08:59:24","date_gmt":"2023-06-23T06:59:24","guid":{"rendered":"http:\/\/wzfziju.cluster027.hosting.ovh.net\/?page_id=2"},"modified":"2025-12-19T15:37:47","modified_gmt":"2025-12-19T14:37:47","slug":"page-d-exemple","status":"publish","type":"page","link":"https:\/\/kalankaproduction.com\/index.php\/page-d-exemple\/","title":{"rendered":"Pr\u00e9sentation"},"content":{"rendered":"\r\n<p><img loading=\"lazy\" decoding=\"async\" class=\" wp-image-18 aligncenter\" src=\"http:\/\/wzfziju.cluster027.hosting.ovh.net\/wp-content\/uploads\/2023\/06\/Logo-KP-300x158.png\" alt=\"\" width=\"210\" height=\"111\" srcset=\"http:\/\/wzfziju.cluster027.hosting.ovh.net\/wp-content\/uploads\/2023\/06\/Logo-KP-300x158.png 300w, http:\/\/wzfziju.cluster027.hosting.ovh.net\/wp-content\/uploads\/2023\/06\/Logo-KP-421x222.png 421w, http:\/\/wzfziju.cluster027.hosting.ovh.net\/wp-content\/uploads\/2023\/06\/Logo-KP.png 604w\" sizes=\"auto, (max-width: 210px) 100vw, 210px\" \/><\/p>\r\n<p>&nbsp;<\/p>\r\n<p style=\"text-align: center;\">Soci\u00e9t\u00e9 de production audiovisuelle qui r\u00e9unit l\u2019exp\u00e9rience et l\u2019\u00e9nergie de<\/p>\r\n<p style=\"text-align: center;\"><em>David Boitard, Yannick Fauchier, Guilhem Malgoire<\/em><\/p>\r\n<p>&nbsp;<\/p>\r\n\r\n\r\n\r\n\r\n\r\n<p style=\"text-align: center;\">Gr\u00e2ce \u00e0 ses membres, <strong>Kalanka Production<\/strong> s\u2019est enrichie de nombreux contacts, tiss\u00e9s au fil des tournages et des ann\u00e9es, sur un plan professionnel (fournisseurs\/techniciens) et artistique.<\/p>\r\n<p>&nbsp;<\/p>\r\n\r\n\r\n\r\n\r\n\r\n<p class=\"has-text-align-left\" style=\"text-align: center;\"><strong>Kalanka Production<\/strong> est sp\u00e9cialis\u00e9e dans la production de<\/p>\r\n<p class=\"has-text-align-left\" style=\"text-align: center;\">Publicit\u00e9s, Films Institutionnels,\u00a0Clips Vid\u00e9os,<\/p>\r\n<p class=\"has-text-align-left\" style=\"text-align: center;\">Programmes pour la t\u00e9l\u00e9vision et de Courts M\u00e9trages.<\/p>\r\n\r\n\r\n","protected":false},"excerpt":{"rendered":"<p>&nbsp; Soci\u00e9t\u00e9 de production audiovisuelle qui r\u00e9unit l\u2019exp\u00e9rience et l\u2019\u00e9nergie de David Boitard, Yannick Fauchier, Guilhem Malgoire &nbsp; Gr\u00e2ce \u00e0 ses membres, Kalanka Production s\u2019est &hellip;<\/p>\n","protected":false},"author":1,"featured_media":0,"parent":0,"menu_order":0,"comment_status":"closed","ping_status":"open","template":"","meta":{"footnotes":""},"class_list":["post-2","page","type-page","status-publish","hentry"],"_links":{"self":[{"href":"https:\/\/kalankaproduction.com\/index.php\/wp-json\/wp\/v2\/pages\/2","targetHints":{"allow":["GET"]}}],"collection":[{"href":"https:\/\/kalankaproduction.com\/index.php\/wp-json\/wp\/v2\/pages"}],"about":[{"href":"https:\/\/kalankaproduction.com\/index.php\/wp-json\/wp\/v2\/types\/page"}],"author":[{"embeddable":true,"href":"https:\/\/kalankaproduction.com\/index.php\/wp-json\/wp\/v2\/users\/1"}],"replies":[{"embeddable":true,"href":"https:\/\/kalankaproduction.com\/index.php\/wp-json\/wp\/v2\/comments?post=2"}],"version-history":[{"count":23,"href":"https:\/\/kalankaproduction.com\/index.php\/wp-json\/wp\/v2\/pages\/2\/revisions"}],"predecessor-version":[{"id":356,"href":"https:\/\/kalankaproduction.com\/index.php\/wp-json\/wp\/v2\/pages\/2\/revisions\/356"}],"wp:attachment":[{"href":"https:\/\/kalankaproduction.com\/index.php\/wp-json\/wp\/v2\/media?parent=2"}],"curies":[{"name":"wp","href":"https:\/\/api.w.org\/{rel}","templated":true}]}}